{"id":321,"date":"2024-03-21T14:38:14","date_gmt":"2024-03-21T13:38:14","guid":{"rendered":"https:\/\/marine-zegrar.com\/?page_id=321"},"modified":"2025-01-29T15:42:44","modified_gmt":"2025-01-29T14:42:44","slug":"danse-jazz","status":"publish","type":"page","link":"https:\/\/marine-zegrar.com\/index.php\/danse-jazz\/","title":{"rendered":"DANSE JAZZ"},"content":{"rendered":"<div class=\"wp-block-visual-portfolio alignwide\">\n<div class=\"vp-portfolio vp-uid-e07008b5 vp-id-ZMAKjr\"\n\tdata-vp-layout=\"justified\" data-vp-content-source=\"images\" data-vp-items-style=\"default\" data-vp-items-click-action=\"url\" data-vp-items-gap=\"15\" data-vp-items-gap-vertical=\"\" data-vp-pagination=\"load-more\" data-vp-next-page-url=\"https:\/\/marine-zegrar.com\/index.php\/wp-json\/wp\/v2\/pages\/321?vp_page=2\" data-vp-justified-row-height=\"200\" data-vp-justified-row-height-tolerance=\"0.25\" data-vp-justified-max-rows-count=\"0\" data-vp-justified-last-row=\"left\" >\n\t<div class=\"vp-portfolio__preloader-wrap\">\n\t\t<div class=\"vp-portfolio__preloader\">\n\t\t\t<img decoding=\"async\" loading=\"eager\" src=\"https:\/\/marine-zegrar.com\/wp-content\/plugins\/visual-portfolio\/assets\/images\/logo-dark.svg\" alt=\"Visual Portfolio, Posts &amp; Image Gallery for WordPress\" width=\"20\" height=\"20\" data-skip-lazy>\n\t\t<\/div>\n\t<\/div>\n\t\t<div class=\"vp-portfolio__items-wrap\">\n\t\t\t\n<div class=\"vp-portfolio__items vp-portfolio__items-style-default vp-portfolio__items-show-overlay-hover\">\n\n\t\t<div\t\tclass=\"vp-portfolio__item-wrap vp-portfolio__item-uid-d5087a15\" data-vp-filter=\"\" \t\t>\n\t\t\t\t\t\t\t\t\t<figure class=\"vp-portfolio__item\">\n\t\t\t\t\n<div class=\"vp-portfolio__item-img-wrap\">\n\t<div class=\"vp-portfolio__item-img\">\n\t\t\t<a\n\t\thref=\"https:\/\/marine-zegrar.com\/wp-content\/uploads\/2024\/03\/tempImagesKTYg4.remini-enhanced-1920x2482.jpg\"\n\t\t\t>\n\t\n\t\t<noscript><img loading=\"lazy\" decoding=\"async\" width=\"1920\" height=\"2482\" data-skip-lazy src=\"https:\/\/marine-zegrar.com\/wp-content\/uploads\/2024\/03\/tempImagesKTYg4.remini-enhanced-1920x2482.jpg\" class=\"wp-image-223\" alt=\"\" srcset=\"https:\/\/marine-zegrar.com\/wp-content\/uploads\/2024\/03\/tempImagesKTYg4.remini-enhanced-1920x2482.jpg 1920w, https:\/\/marine-zegrar.com\/wp-content\/uploads\/2024\/03\/tempImagesKTYg4.remini-enhanced-232x300.jpg 232w, https:\/\/marine-zegrar.com\/wp-content\/uploads\/2024\/03\/tempImagesKTYg4.remini-enhanced-792x1024.jpg 792w, https:\/\/marine-zegrar.com\/wp-content\/uploads\/2024\/03\/tempImagesKTYg4.remini-enhanced-768x993.jpg 768w, https:\/\/marine-zegrar.com\/wp-content\/uploads\/2024\/03\/tempImagesKTYg4.remini-enhanced-1188x1536.jpg 1188w, https:\/\/marine-zegrar.com\/wp-content\/uploads\/2024\/03\/tempImagesKTYg4.remini-enhanced-1584x2048.jpg 1584w, https:\/\/marine-zegrar.com\/wp-content\/uploads\/2024\/03\/tempImagesKTYg4.remini-enhanced-500x646.jpg 500w, https:\/\/marine-zegrar.com\/wp-content\/uploads\/2024\/03\/tempImagesKTYg4.remini-enhanced-800x1034.jpg 800w, https:\/\/marine-zegrar.com\/wp-content\/uploads\/2024\/03\/tempImagesKTYg4.remini-enhanced-1280x1655.jpg 1280w, https:\/\/marine-zegrar.com\/wp-content\/uploads\/2024\/03\/tempImagesKTYg4.remini-enhanced-scaled.jpg 1980w\" sizes=\"auto, 100vw\" \/><\/noscript><img fetchpriority=\"high\" decoding=\"async\" width=\"1920\" height=\"2482\" src=\"https:\/\/marine-zegrar.com\/wp-content\/uploads\/2024\/03\/tempImagesKTYg4.remini-enhanced-1920x2482.jpg\" class=\"wp-image-223 vp-lazyload\" alt srcset=\"data:image\/svg+xml;base64,PHN2ZyB3aWR0aD0iMTkyMCIgaGVpZ2h0PSIyNDgyIiB2aWV3Qm94PSIwIDAgMTkyMCAyNDgyIiBmaWxsPSJub25lIiB4bWxucz0iaHR0cDovL3d3dy53My5vcmcvMjAwMC9zdmciPjwvc3ZnPg==\" data-src=\"https:\/\/marine-zegrar.com\/wp-content\/uploads\/2024\/03\/tempImagesKTYg4.remini-enhanced-1920x2482.jpg\" data-srcset=\"https:\/\/marine-zegrar.com\/wp-content\/uploads\/2024\/03\/tempImagesKTYg4.remini-enhanced-1920x2482.jpg 1920w, https:\/\/marine-zegrar.com\/wp-content\/uploads\/2024\/03\/tempImagesKTYg4.remini-enhanced-232x300.jpg 232w, https:\/\/marine-zegrar.com\/wp-content\/uploads\/2024\/03\/tempImagesKTYg4.remini-enhanced-792x1024.jpg 792w, https:\/\/marine-zegrar.com\/wp-content\/uploads\/2024\/03\/tempImagesKTYg4.remini-enhanced-768x993.jpg 768w, https:\/\/marine-zegrar.com\/wp-content\/uploads\/2024\/03\/tempImagesKTYg4.remini-enhanced-1188x1536.jpg 1188w, https:\/\/marine-zegrar.com\/wp-content\/uploads\/2024\/03\/tempImagesKTYg4.remini-enhanced-1584x2048.jpg 1584w, https:\/\/marine-zegrar.com\/wp-content\/uploads\/2024\/03\/tempImagesKTYg4.remini-enhanced-500x646.jpg 500w, https:\/\/marine-zegrar.com\/wp-content\/uploads\/2024\/03\/tempImagesKTYg4.remini-enhanced-800x1034.jpg 800w, https:\/\/marine-zegrar.com\/wp-content\/uploads\/2024\/03\/tempImagesKTYg4.remini-enhanced-1280x1655.jpg 1280w, https:\/\/marine-zegrar.com\/wp-content\/uploads\/2024\/03\/tempImagesKTYg4.remini-enhanced-scaled.jpg 1980w\" data-sizes=\"auto\" loading=\"eager\">\n\t\t<div class=\"vp-portfolio__item-overlay\">\n\t\t\t\t\t<\/div>\n\n\t\t<\/a>\t<\/div>\n<\/div>\n\n\t\t\t<\/figure>\n\t\t\t\t\t<\/div>\n\t\t\n\t\t<div\t\tclass=\"vp-portfolio__item-wrap vp-portfolio__item-uid-d8fddb10\" data-vp-filter=\"\" \t\t>\n\t\t\t\t\t\t\t\t\t<figure class=\"vp-portfolio__item\">\n\t\t\t\t\n<div class=\"vp-portfolio__item-img-wrap\">\n\t<div class=\"vp-portfolio__item-img\">\n\t\t\t<a\n\t\thref=\"https:\/\/marine-zegrar.com\/wp-content\/uploads\/2024\/03\/tempImageK1pNuR.remini-enhanced.jpg\"\n\t\t\t>\n\t\n\t\t<noscript><img loading=\"lazy\" decoding=\"async\" width=\"1920\" height=\"2560\" data-skip-lazy src=\"https:\/\/marine-zegrar.com\/wp-content\/uploads\/2024\/03\/tempImageK1pNuR.remini-enhanced.jpg\" class=\"wp-image-214\" alt=\"\" srcset=\"https:\/\/marine-zegrar.com\/wp-content\/uploads\/2024\/03\/tempImageK1pNuR.remini-enhanced.jpg 1920w, https:\/\/marine-zegrar.com\/wp-content\/uploads\/2024\/03\/tempImageK1pNuR.remini-enhanced-225x300.jpg 225w, https:\/\/marine-zegrar.com\/wp-content\/uploads\/2024\/03\/tempImageK1pNuR.remini-enhanced-768x1024.jpg 768w, https:\/\/marine-zegrar.com\/wp-content\/uploads\/2024\/03\/tempImageK1pNuR.remini-enhanced-1152x1536.jpg 1152w, https:\/\/marine-zegrar.com\/wp-content\/uploads\/2024\/03\/tempImageK1pNuR.remini-enhanced-1536x2048.jpg 1536w, https:\/\/marine-zegrar.com\/wp-content\/uploads\/2024\/03\/tempImageK1pNuR.remini-enhanced-500x667.jpg 500w, https:\/\/marine-zegrar.com\/wp-content\/uploads\/2024\/03\/tempImageK1pNuR.remini-enhanced-800x1067.jpg 800w, https:\/\/marine-zegrar.com\/wp-content\/uploads\/2024\/03\/tempImageK1pNuR.remini-enhanced-1280x1707.jpg 1280w\" sizes=\"auto, 100vw\" \/><\/noscript><img decoding=\"async\" width=\"1920\" height=\"2560\" src=\"https:\/\/marine-zegrar.com\/wp-content\/uploads\/2024\/03\/tempImageK1pNuR.remini-enhanced.jpg\" class=\"wp-image-214 vp-lazyload\" alt srcset=\"data:image\/svg+xml;base64,PHN2ZyB3aWR0aD0iMTkyMCIgaGVpZ2h0PSIyNTYwIiB2aWV3Qm94PSIwIDAgMTkyMCAyNTYwIiBmaWxsPSJub25lIiB4bWxucz0iaHR0cDovL3d3dy53My5vcmcvMjAwMC9zdmciPjwvc3ZnPg==\" data-src=\"https:\/\/marine-zegrar.com\/wp-content\/uploads\/2024\/03\/tempImageK1pNuR.remini-enhanced.jpg\" data-srcset=\"https:\/\/marine-zegrar.com\/wp-content\/uploads\/2024\/03\/tempImageK1pNuR.remini-enhanced.jpg 1920w, https:\/\/marine-zegrar.com\/wp-content\/uploads\/2024\/03\/tempImageK1pNuR.remini-enhanced-225x300.jpg 225w, https:\/\/marine-zegrar.com\/wp-content\/uploads\/2024\/03\/tempImageK1pNuR.remini-enhanced-768x1024.jpg 768w, https:\/\/marine-zegrar.com\/wp-content\/uploads\/2024\/03\/tempImageK1pNuR.remini-enhanced-1152x1536.jpg 1152w, https:\/\/marine-zegrar.com\/wp-content\/uploads\/2024\/03\/tempImageK1pNuR.remini-enhanced-1536x2048.jpg 1536w, https:\/\/marine-zegrar.com\/wp-content\/uploads\/2024\/03\/tempImageK1pNuR.remini-enhanced-500x667.jpg 500w, https:\/\/marine-zegrar.com\/wp-content\/uploads\/2024\/03\/tempImageK1pNuR.remini-enhanced-800x1067.jpg 800w, https:\/\/marine-zegrar.com\/wp-content\/uploads\/2024\/03\/tempImageK1pNuR.remini-enhanced-1280x1707.jpg 1280w\" data-sizes=\"auto\" loading=\"eager\">\n\t\t<div class=\"vp-portfolio__item-overlay\">\n\t\t\t\t\t<\/div>\n\n\t\t<\/a>\t<\/div>\n<\/div>\n\n\t\t\t<\/figure>\n\t\t\t\t\t<\/div>\n\t\t\n\t\t<div\t\tclass=\"vp-portfolio__item-wrap vp-portfolio__item-uid-7e663c12\" data-vp-filter=\"\" \t\t>\n\t\t\t\t\t\t\t\t\t<figure class=\"vp-portfolio__item\">\n\t\t\t\t\n<div class=\"vp-portfolio__item-img-wrap\">\n\t<div class=\"vp-portfolio__item-img\">\n\t\t\t<a\n\t\thref=\"https:\/\/marine-zegrar.com\/wp-content\/uploads\/2024\/03\/tempImage6BzlAA.remini-enhanced-1920x2560.jpg\"\n\t\t\t>\n\t\n\t\t<noscript><img loading=\"lazy\" decoding=\"async\" width=\"1920\" height=\"2560\" data-skip-lazy src=\"https:\/\/marine-zegrar.com\/wp-content\/uploads\/2024\/03\/tempImage6BzlAA.remini-enhanced-1920x2560.jpg\" class=\"wp-image-199\" alt=\"\" srcset=\"https:\/\/marine-zegrar.com\/wp-content\/uploads\/2024\/03\/tempImage6BzlAA.remini-enhanced-scaled.jpg 1920w, https:\/\/marine-zegrar.com\/wp-content\/uploads\/2024\/03\/tempImage6BzlAA.remini-enhanced-225x300.jpg 225w, https:\/\/marine-zegrar.com\/wp-content\/uploads\/2024\/03\/tempImage6BzlAA.remini-enhanced-768x1024.jpg 768w, https:\/\/marine-zegrar.com\/wp-content\/uploads\/2024\/03\/tempImage6BzlAA.remini-enhanced-1152x1536.jpg 1152w, https:\/\/marine-zegrar.com\/wp-content\/uploads\/2024\/03\/tempImage6BzlAA.remini-enhanced-1536x2048.jpg 1536w, https:\/\/marine-zegrar.com\/wp-content\/uploads\/2024\/03\/tempImage6BzlAA.remini-enhanced-500x667.jpg 500w, https:\/\/marine-zegrar.com\/wp-content\/uploads\/2024\/03\/tempImage6BzlAA.remini-enhanced-800x1067.jpg 800w, https:\/\/marine-zegrar.com\/wp-content\/uploads\/2024\/03\/tempImage6BzlAA.remini-enhanced-1280x1707.jpg 1280w\" sizes=\"auto, 100vw\" \/><\/noscript><img decoding=\"async\" width=\"1920\" height=\"2560\" src=\"https:\/\/marine-zegrar.com\/wp-content\/uploads\/2024\/03\/tempImage6BzlAA.remini-enhanced-1920x2560.jpg\" class=\"wp-image-199 vp-lazyload\" alt srcset=\"data:image\/svg+xml;base64,PHN2ZyB3aWR0aD0iMTkyMCIgaGVpZ2h0PSIyNTYwIiB2aWV3Qm94PSIwIDAgMTkyMCAyNTYwIiBmaWxsPSJub25lIiB4bWxucz0iaHR0cDovL3d3dy53My5vcmcvMjAwMC9zdmciPjwvc3ZnPg==\" data-src=\"https:\/\/marine-zegrar.com\/wp-content\/uploads\/2024\/03\/tempImage6BzlAA.remini-enhanced-1920x2560.jpg\" data-srcset=\"https:\/\/marine-zegrar.com\/wp-content\/uploads\/2024\/03\/tempImage6BzlAA.remini-enhanced-scaled.jpg 1920w, https:\/\/marine-zegrar.com\/wp-content\/uploads\/2024\/03\/tempImage6BzlAA.remini-enhanced-225x300.jpg 225w, https:\/\/marine-zegrar.com\/wp-content\/uploads\/2024\/03\/tempImage6BzlAA.remini-enhanced-768x1024.jpg 768w, https:\/\/marine-zegrar.com\/wp-content\/uploads\/2024\/03\/tempImage6BzlAA.remini-enhanced-1152x1536.jpg 1152w, https:\/\/marine-zegrar.com\/wp-content\/uploads\/2024\/03\/tempImage6BzlAA.remini-enhanced-1536x2048.jpg 1536w, https:\/\/marine-zegrar.com\/wp-content\/uploads\/2024\/03\/tempImage6BzlAA.remini-enhanced-500x667.jpg 500w, https:\/\/marine-zegrar.com\/wp-content\/uploads\/2024\/03\/tempImage6BzlAA.remini-enhanced-800x1067.jpg 800w, https:\/\/marine-zegrar.com\/wp-content\/uploads\/2024\/03\/tempImage6BzlAA.remini-enhanced-1280x1707.jpg 1280w\" data-sizes=\"auto\" loading=\"eager\">\n\t\t<div class=\"vp-portfolio__item-overlay\">\n\t\t\t\t\t<\/div>\n\n\t\t<\/a>\t<\/div>\n<\/div>\n\n\t\t\t<\/figure>\n\t\t\t\t\t<\/div>\n\t\t\n<\/div>\n\t\t<\/div>\n\t\t\n<\/div>\n<\/div>\n\n\n<p><\/p>\n\n\n<p>La danse jazz et le modern jazz sont deux styles de danse dont l&rsquo;un est l&rsquo;\u00e9volution de l&rsquo;autre.<\/p>\n<p><!--more--><\/p>\n<p>La danse jazz trouve ses racines dans les intentions rythmiques et syncop\u00e9es des musiques africaines et jazz. Ce style de danse est caract\u00e9ris\u00e9 par son \u00e9nergie vibrante, son animalit\u00e9 et son expression artistique caract\u00e9ristique. Elle incorpore une grande vari\u00e9t\u00e9 de techniques, de styles et d&rsquo;influences pour cr\u00e9er un langage corporel dynamique et performant permettant aux danseurs de s&rsquo;exprimer pleinement et de developper leur capacit\u00e9 \u00e0 interpr\u00e9ter la musique avec sensibilit\u00e9 et \u00e9motion.<\/p>\n<p>Le modern jazz, quant \u00e0 lui, est une \u00e9volution de la danse jazz qui int\u00e8gre des \u00e9l\u00e9ments de danse classique et contemporaine et de techniques de danses du monde et commerciales . Ce style de danse se caract\u00e9rise donc par sa polyvalence. Les chor\u00e9graphies de modern jazz peuvent \u00eatre abstraites et exp\u00e9rimentales mais aussi narratives et existentielles permettant aux danseurs de raconter leurs propres histoires.<\/p>\n<p>En r\u00e9sum\u00e9, la danse jazz et le modern jazz sont deux styles de danse dynamiques et expressifs qui c\u00e9l\u00e8brent la cr\u00e9ativit\u00e9 et la diversit\u00e9. Que ce soit \u00e0 travers des mouvements rythmiques et syncop\u00e9s ou des explorations innovantes du mouvement d&rsquo;aujourd&rsquo;hui, ces styles de danse offrent aux danseurs une palette pour s&rsquo;exprimer pleinement et capturer l&rsquo;essence de la musique et de l&rsquo;\u00e9motion \u00e0 travers le mouvement dans\u00e9.<\/p>","protected":false},"excerpt":{"rendered":"<p>La danse jazz et le modern jazz sont deux styles de danse dont l&rsquo;un est l&rsquo;\u00e9volution de l&rsquo;autre.<\/p>\n","protected":false},"author":1,"featured_media":218,"parent":0,"menu_order":0,"comment_status":"closed","ping_status":"closed","template":"","meta":{"_vp_format_video_url":"","_vp_image_focal_point":{"x":0.5,"y":0},"footnotes":""},"class_list":["post-321","page","type-page","status-publish","has-post-thumbnail","hentry"],"_links":{"self":[{"href":"https:\/\/marine-zegrar.com\/index.php\/wp-json\/wp\/v2\/pages\/321","targetHints":{"allow":["GET"]}}],"collection":[{"href":"https:\/\/marine-zegrar.com\/index.php\/wp-json\/wp\/v2\/pages"}],"about":[{"href":"https:\/\/marine-zegrar.com\/index.php\/wp-json\/wp\/v2\/types\/page"}],"author":[{"embeddable":true,"href":"https:\/\/marine-zegrar.com\/index.php\/wp-json\/wp\/v2\/users\/1"}],"replies":[{"embeddable":true,"href":"https:\/\/marine-zegrar.com\/index.php\/wp-json\/wp\/v2\/comments?post=321"}],"version-history":[{"count":43,"href":"https:\/\/marine-zegrar.com\/index.php\/wp-json\/wp\/v2\/pages\/321\/revisions"}],"predecessor-version":[{"id":635,"href":"https:\/\/marine-zegrar.com\/index.php\/wp-json\/wp\/v2\/pages\/321\/revisions\/635"}],"wp:featuredmedia":[{"embeddable":true,"href":"https:\/\/marine-zegrar.com\/index.php\/wp-json\/wp\/v2\/media\/218"}],"wp:attachment":[{"href":"https:\/\/marine-zegrar.com\/index.php\/wp-json\/wp\/v2\/media?parent=321"}],"curies":[{"name":"wp","href":"https:\/\/api.w.org\/{rel}","templated":true}]}}